of x?
8
Suppose -l = -5*l + 276. What is the units digit of l?
9
Let d(i) = -i**3 - 6*i**2 - 7*i - 8. What is the units digit of d(-6)?
4
Suppose -8 = 3*t + 4*z - 0, 3*t - 22 = 2*z. Suppose -t*j + 8 = -2*j. What is the units digit of j?
4
Let x be 1/(-3) + 22/(-6). Let u = -6 - x. What is the units digit of 4/u + 6 + 0?
4
Let n(u) = u + 7. Let p be n(-5). Suppose -p*s - 228 = -5*m - 4*s, -5*m = -4*s - 204. What is the tens digit of m?
4
Suppose 4*b = -4*l + 140, 2*b + 42 - 148 = -3*l. What is the tens digit of l?
3
Suppose 3*p + 0 + 3 = 0. Let b be 1/(-2)*p*2. What is the tens digit of (1 + 1 + 8)*b?
1
Suppose 11 = 2*l - 5. Suppose n - l = -2. What is the units digit of n?
6
Let b = 56 - 35. Suppose -3 = 3*a - b. What is the units digit of a?
6
Let y(m) = m + 4. Let u be y(4). Let b = u + -1. Let x = b + -2. What is the units digit of x?
5
Let s(v) = -v**2 - 4*v + 2. Let j be s(-4). Suppose 33 = 3*f + j*w, 3*w = 4*w - 3. Let z = f - 5. What is the units digit of z?
4
Let j = -48 - -29. Let l = 32 + j. What is the tens digit of l?
1
Let k(c) = -c - 393. Let w be k(0). What is the tens digit of 1/(-5) + w/(-15)?
2
Let p(y) = y**3 - 3*y**2 - 3. Suppose -4*i + 2*s = 7*s - 1, 0 = -4*i + 5*s + 31. What is the tens digit of p(i)?
1
Let f be 6/(-21) + 32/14. Let s = f + 0. What is the units digit of s?
2
Suppose -5*o + 248 = -3*x, -4*o + x = -2*x - 196. What is the tens digit of o?
5
Let x(g) = g**2 + 7*g - 3. What is the tens digit of x(-12)?
5
Suppose 5*g = 149 + 121. What is the tens digit of g?
5
Let u(n) = 8*n - 15. What is the units digit of u(8)?
9
Let y be 6566/63 - 2/9. Suppose 16 = 4*r - y. What is the units digit of r?
0
Let p = 19 + -16. What is the units digit of p?
3
Let h = -15 + 23. Suppose -v - h = -15. What is the units digit of v?
7
Let a = -14 + 16. Suppose 75 = a*s + 1. What is the units digit of s?
7
What is the units digit of (25/(-3))/(14/(-42))?
5
Let s = -5 - -7. Suppose t - 56 = -s*m, -2*m + 3*t + 89 = 25. Let c = -10 + m. What is the tens digit of c?
1
Let w(c) = -2*c - 7. Let n be w(-5). Suppose n*k - 3*o - 30 = -5*o, o = -2*k + 20. Suppose -d + 6*d = k. What is the units digit of d?
2
Suppose 3*p = 2*u - 168, 84 = 7*u - 6*u + 5*p. What is the units digit of u?
4
Suppose i - 24 - 36 = -4*k, i = 4. Let w = 26 - k. What is the units digit of w?
2
Suppose 3*o - 9 + 0 = 0. Suppose -o*f - 3*q = -9, -2*q + 3 - 4 = f. Suppose -d - 2*d + 17 = 2*b, d - f = -2*b. What is the units digit of d?
5
Let r = 352 + -232. What is the units digit of r?
0
Suppose c - 1 = 7. What is the units digit of c?
8
Let w(b) = 17*b**3 - b**2 - 4*b - 3. Let t be w(-2). Let m be (4/(-3))/(6/t). Suppose -j = -6*j + m. What is the units digit of j?
6
Let j(d) be the third derivative of -d**5/60 - 3*d**4/8 + d**3/3 + 5*d**2. What is the tens digit of j(-6)?
2
Suppose u = t + 371, -7*t + 5*t = -5*u + 1855. What is the units digit of u?
1
Suppose -5*t + 165 = f, -3*f - 134 - 17 = -4*t. What is the tens digit of t?
3
Suppose h + 0 = 3. Suppose -c - 1 = -5*v, -h*c + v + 23 = -v. Let d = c - 0. What is the units digit of d?
9
Let q(u) = -5*u + 3*u + 3*u - 5. Let o be q(7). Suppose -2*c + 16 = o*c. What is the units digit of c?
4
Let n(x) = x**2 + 2*x - 4. Let w be n(-4). Let c(s) = 0*s + 1 - 3*s + s + 5*s**2 - s**3. What is the units digit of c(w)?
9
Let f = 35 - -71. What is the tens digit of f?
0
Suppose 0*k = 4*k - 16. Suppose 3*a - 2 = k. Suppose -2*i + c + 37 = 6*c, a*i + 2*c - 22 = 0. What is the units digit of i?
6
Let f = 27 + -16. Suppose -136 + f = -5*i + 2*x, 0 = -3*i + 3*x + 66. What is the units digit of i?
7
Suppose 142 = w - 3*d - 0*d, -3*w = -3*d - 456. What is the tens digit of w?
5
Let k(l) = 18*l**2 - 2*l - 1. Let c be k(-1). Suppose 3*d = c - 4. Suppose -d*p + 3 = -17. What is the units digit of p?
4
Suppose -216 = -4*v + v. What is the tens digit of v?
7
Let n(o) = -o**2 + 4*o + 1. Let q be (-7)/21*12*-1. What is the units digit of n(q)?
1
Let q(d) = -d**2 + 4*d + 1. Let k be q(3). Let w(n) = n**2 - 14*n + 11. Let l be w(13). Let i = k - l. What is the units digit of i?
6
Let l(c) = c + 1. Let m be l(5). Let z = m + -2. Suppose -z*k - 18 = -3*i + 19, k = -2*i + 10. What is the units digit of i?
7
Let j(d) = -5*d + 47. Let s(u) = -u. Let b(q) = j(q) - 3*s(q). What is the tens digit of b(0)?
4
Suppose -u - 30 = -2*w, 5*w - 75 = -0*u + 2*u. What is the units digit of w?
5
Suppose -a - 4*a = 5*w + 5, -4*w = a + 19. Let l(p) = -p**2 + 3*p + 6. Let y be l(5). What is the units digit of y/w - (-3)/9?
1
Let q(u) = 42*u**2 - 2*u + 4. What is the units digit of q(2)?
8
Suppose 4*y - 3*y - 20 = 0. What is the units digit of y?
0
Let n = 94 - -62. Suppose -3*z - 42 = -n. What is the tens digit of z?
3
Let r(b) = -2*b**3 + 9*b**2 - b - 2. Let a be (-6)/(6*(-3)/12). What is the units digit of r(a)?
0
Suppose -7932 = -21*t - 3144. What is the hundreds digit of t?
2
Let m(v) = v**3 + 6*v**2 - 7*v - 6. Let n be m(-6). Suppose 0*i + c + 25 = 3*i, -4*c + n = 5*i. What is the units digit of i?
8
Suppose 5*f + 5*n + 10 = 0, -3*f = -6*f + 3*n + 24. Suppose 3*a = f*w + 12, -w + 5*a + 9 + 7 = 0. Let s = w - -14. What is the units digit of s?
5
Let c be (9 + -1)/(4/(-18)). Let o = c - -52. What is the units digit of o?
6
Let f(s) = 5*s. Suppose -5*m - 19 = 2*i, 0 = i - m - 2 - 6. What is the tens digit of f(i)?
1
Let h = -25 + 15. What is the tens digit of 2/(-5) + (-174)/h?
1
Suppose 0 = -0*j + 3*j - 75. What is the tens digit of j?
2
Suppose 0 = 2*y - v - 4*v + 15, 4*v - 12 = -2*y. Let i = 16 + -10. Suppose 4*z - i*z + 12 = y. What is the units digit of z?
6
Let a(s) = -s**3 - 2*s**2 + 9*s + 6. What is the units digit of a(-4)?
2
Let p = -18 - -37. What is the tens digit of p?
1
Let h(t) = t**2 - t + 7. Let b be h(0). Let y = 15 - b. What is the units digit of 0/(-2 - -4) + y?
8
Suppose -3*v - 40 = -4*p, -v - 1 = 3. Let u = p + -3. What is the units digit of u?
4
Let q = 1025 + -712. What is the tens digit of q?
1
Suppose 5*h = -3*o + 1186, 16*o - 2*h - 764 = 14*o. What is the tens digit of o?
8
What is the tens digit of (150/8)/(12/32)?
5
Let a = -149 - -134. Suppose -10 = -0*s - 2*s. What is the units digit of 6/a - (-67)/s?
3
Let n(y) = y**2 - 1. Let m(l) = -2*l**2 + l + 3. Let o(s) = 2*m(s) + 5*n(s). Let k be o(4). Suppose -5*q = -0*q - k. What is the units digit of q?
5
Suppose -5*w + 468 = v, 2*w - 184 = -0*v - 2*v. What is the units digit of w?
4
Let n(o) = -13*o. Let k be n(3). Let a = -66 - k. What is the units digit of (1/3)/((-1)/a)?
9
Let b(q) = 2*q + 8. What is the tens digit of b(7)?
2
Let u = -45 - -63. What is the tens digit of u?
1
Let h(r) = 2*r - 1. Let s be h(2). Let j be -2 + -5*s/(-3). Let q = j - -3. What is the units digit of q?
6
Let t = 7 - 5. Suppose 5*n + 6*h = 4*h, 3*h - 11 = -t*n. Let f = n + 3. What is the units digit of f?
1
Let a be (-6)/4 + 4/(-8). Let j = a + 2. What is the units digit of j - 1*(-6)/2?
3
Suppose 5*k + 1 - 206 = 0. What is the units digit of k?
1
Let c(a) = -a**2 + 5*a - 1. Let l be c(4). Let n be l/(-2) - 186/(-12). Suppose 0 = 5*m - 16 - n. What is the units digit of m?
6
Let r(f) = -f - 7. Let s be r(-10). Suppose -v - 3*h - s + 6 = 0, 0 = -h - 5. What is the tens digit of v?
1
Let p(j) = -j**2 - 5*j - 6. Let m be p(-5). What is the tens digit of 2/3 - 62/m?
1
Let t = 41 + 37. What is the tens digit of t?
7
Let t = -8 - -1. Let v(n) = 10*n + 7. Let i be v(t). What is the units digit of (4/(-6))/(6/i)?
7
Let d(h) = -2*h**3 - h**2 + 3*h + 1. Let b be d(-2). Suppose 0 = -3*m - 5*z - 10 - 7, -m - 2*z = b. What is the units digit of m?
1
Suppose -5*a - 285 = -3*d, 4*d + 4*a - 412 = -0*d. What is the tens digit of d?
0
Let n = 20 + -18. Suppose 3*v - 105 = -3*z, -n*v + 1 = -7. What is the units digit of z?
1
Suppose -4*y + 140 = -232. What is the units digit of y?
3
Let b = 0 - 0. Let q be ((-3)/(-5))/(5/325). Suppose b = k + 4*j + 6, 4*k + 0*j = 5*j + q. What is the units digit of k?
6
Suppose 152 = -2*q + 6*q. What is the tens digit of q?
3
Let a(d) = -3*d - 12. Suppose 0 = -3*r - r + 40. Let b be 60/(-9)*12/r. What is the units digit of a(b)?
2
Suppose 2*j - 3*k + 2 = 0, 2*k - 16 = 5*j - 0*k. What is the units digit of 1 - 96/(1*j)?
5
Let i be (1 - 3) + (-4)/(-4). Let j(y) = -3*y - 1. Let v be j(i). Suppose k 